te?
True
Suppose 0 = -17*x + 19*x + 8, 3*h + x = 11897. Is h a composite number?
False
Let i be (-4 + 4)/(-2 + 0). Let u = 4 - i. Suppose u*r - 75 = -r. Is r a prime number?
False
Let q = 1175 - 546. Is q prime?
False
Let u be (-653)/(-4) - (3/12 + 0). Suppose -250 = -n + u. Is n composite?
True
Let f(n) = -7*n**3 - 8*n**2 + 17*n + 15. Let j(g) = 6*g**3 + 8*g**2 - 17*g - 15. Let p(h) = -5*f(h) - 6*j(h). Is p(-11) prime?
True
Suppose -5*q = -5*g + 75 - 20, 17 = -2*q + g. Let i be (-2)/10 - q/30. Is (i + 382/2)*1 a prime number?
True
Suppose -c - 7 = 5*w, 2*c - 2*w - 4 = 6. Suppose c*d - 6 = d. Suppose d*y - 4*y = -58. Is y a prime number?
False
Suppose n = -0 + 1. Suppose -p + n = -0*p. Suppose p = -j + 4, -5*d - j + 808 = 0. Is d a composite number?
True
Let x be (4 - (4 + 0)) + -2. Let l be x + -2 - (1 + -53). Suppose -2*o + 605 = 5*n, -4*o + 55 = n - l. Is n prime?
False
Suppose -6*u + 2*u + 4*h = -292, 4*u = -2*h + 262. Suppose 3*i = -4*c + 495, -u = -c + 4*i + 70. Is c + 5 + -2 + -2 a prime number?
True
Let w(p) be the second derivative of -p**5/20 + p**4/12 - p**3/6 + p**2 + p. Let i be w(0). Suppose 473 = i*d - d. Is d a composite number?
True
Suppose -10*c = 5*o - 14*c - 44629, 0 = o - 5*c - 8909. Is o a composite number?
False
Suppose 3*v - 18 = -3*s + 6*v, -2*v - 20 = -3*s. Let f(t) = t**2 - 6*t - 4. Let n be f(s). Is (6/4)/(n/10072) prime?
True
Suppose 4*l + 182 = -62. Let j = l + 194. Is j prime?
False
Suppose l - h = 595, -2*h + 1761 = 3*l + 3*h. Suppose b - l = -3*m + 456, b - 4*m - 1069 = 0. Is b a prime number?
False
Let u(y) = 103*y**2 - 73*y - 19. Is u(-20) a composite number?
False
Let t be 3/(-9) + (61383/(-9))/(-7). Let p = 1363 - t. Is p a prime number?
True
Is 16/(-56)*-7*(-11406)/(-4) a composite number?
True
Let n(o) = -o**2 - 172*o - 113. Is n(-62) composite?
True
Let m(y) = y**2 - 11*y - 1. Let g be m(11). Let u(o) = o. Let p(t) = -21*t**2 + 3*t - 1. Let d(f) = -p(f) + 3*u(f). Is d(g) prime?
False
Let q(p) = 33*p + 35069. Is q(0) prime?
True
Let p be 11*9/(45/370). Let l(o) = o**3 - 6*o**2 + 2*o - 7. Let v be l(6). Suppose -x + 176 = -v*r, -p = -6*x + 2*x - 2*r. Is x a composite number?
True
Let w be 3 - 28/4 - -3. Is (2 + w)/((-12)/(-12084)) a prime number?
False
Let r(o) = -44*o**3 + 1. Suppose 4*g = 5*g - 3*l - 13, 0 = -g - 5*l - 27. Is r(g) prime?
True
Let o(x) = 402*x**3 - 3*x**2 - 2*x + 2. Let b be o(3). Suppose 10*l - b = 3167. Is l prime?
True
Suppose 2*l - 3*l - 3*q + 5 = 0, 0 = 2*q. Suppose -654 = -2*f + l*u, 2*u + 301 = 2*f - 341. Is f a prime number?
True
Let t(d) = 3*d**2 - d. Let x be t(-1). Suppose f = 3*v + 151, v = -x*f + 64 + 592. Let o = f + -84. Is o a prime number?
True
Let g be 5*-1*(-34)/(-85). Let i(q) = -561*q + 1. Let a be i(1). Is g/5 + a/(-25) composite?
True
Is (-2)/2*10 - -4001 a prime number?
False
Let r = -4093 - -9531. Is r a prime number?
False
Let p = -1960 + 2968. Suppose -4*a + 4*g + p = 0, -3*a + 0*a + 755 = -2*g. Is a a prime number?
True
Suppose -2*z + 11648 = -6*z. Let r = -1915 - z. Suppose -r = -4*f + 919. Is f composite?
False
Let w = -6 - -9. Suppose 2*m + 0*m - 159 = -5*v, w*v = 2*m - 151. Is m a prime number?
False
Suppose 0 + 3 = w. Suppose -w*h + 78 = -24. Let t = h + -21. Is t a composite number?
False
Is (-871395)/(-175) + (0 - 4/10) a composite number?
True
Let n(l) = -l**2 - 9*l + 10. Let w be (1 + 3)/(2/(-5)). Let d be n(w). Suppose d = -5*i + 1624 + 591. Is i composite?
False
Let c = 745 - 274. Is c a composite number?
True
Let s = 34 + -19. Is s/12 + 6/(-24) + 210 a prime number?
True
Suppose 2*k - 318 = 2*x, 0*k - 2*k + 5*x + 333 = 0. Let l = -60 + k. Is l composite?
True
Suppose -10*r + 963 = -r. Suppose -r = k - 516. Is k a prime number?
True
Suppose 4*o = -2*o - 18. Let k(l) = 167*l**2 - 6*l - 8. Is k(o) a composite number?
True
Let u(v) = v**2 + 14*v - 8. Let x be u(-15). Suppose 815 = -x*f + 12*f. Is f composite?
False
Suppose -50*g - 20 = -55*g. Is -1 + g + 194 + 2 prime?
True
Let w(a) = -3339*a + 50. Is w(-1) a prime number?
True
Suppose 0 = -v + 4 - 5. Let g(i) = 471*i. Let q be g(v). Let x = -262 - q. Is x prime?
False
Let c be (-1)/4 + (-3)/(-12). Let p(i) = 3*i**2 - 17*i - 20. Let b be p(17). Suppose 2*n + 140 - b = c. Is n composite?
True
Suppose -5*q + 7 = -33. Let g be (-6 + 7)/(2/q). Suppose -k - 151 = -g*v - 2*k, -4*v - 3*k + 157 = 0. Is v a composite number?
False
Let k be 4/(-6) + 4670/30. Suppose 0*y - y - k = 0. Let w = -76 - y. Is w a composite number?
False
Suppose l = -4*x + 2*l + 5629, 3*l = 4*x - 5631. Suppose -5*z - 352 + x = 0. Is z a prime number?
True
Let g(w) = 2*w + 18. Let i be g(-8). Suppose -i*o = o - 369. Is o composite?
True
Let f(r) = 2*r**2 + 60*r + 33. Let v(g) = g**2 + 40*g + 22. Let c(q) = 5*f(q) - 8*v(q). Is c(15) a composite number?
False
Let r be 5/(-2)*32/10. Is (-2)/(r*(-3)/7122)*-2 composite?
False
Is (-1 - 0)*(-63 + -26) composite?
False
Let u(l) be the third derivative of -l**6/120 - 4*l**5/15 - 3*l**4/4 + 13*l**3/6 + 5*l**2. Is u(-15) a composite number?
True
Suppose -4294345 = -184*g + 129*g. Is g a composite number?
False
Let r(v) = 210*v**2 - 2*v - 1. Let y = -10 - 0. Let d be y/5 - (-2 - -1). Is r(d) a prime number?
True
Is -4*1/(-2)*(-4854746)/(-244) a composite number?
True
Let j be (-2 - -1)/(5/(-15)). Suppose -g - 409 = -5*x, -3*x + 0*g + 255 = -j*g. Suppose 2*d - 73 = x. Is d composite?
True
Let y(i) = -i**3 + 5*i**2 + 11*i - 9. Let g be y(8). Let l = -165 - g. Is (66/(-12))/(2/l) composite?
True
Let k be 10*(-8)/12 - (-2)/3. Is (1143/(-216)*k)/(2/8) composite?
False
Suppose 4*g = 4*w - w - 1110, -3*g - 3*w = 822. Is 1/(-1)*(g - 19) a prime number?
False
Let q = 55087 - 2820. Is q a composite number?
False
Let z(x) = -6*x + 5. Let m be z(2). Is (m + 8)/(1/917) a composite number?
True
Let p = 23 - 21. Is p/(-11) - (-34425)/33 a prime number?
False
Let u = 32800 - 20841. Is u a composite number?
False
Let f be (-9)/(-5 + 2) + -3. Suppose i + 2*u + 358 = 3*i, f = -u + 4. Suppose -o + i = -20. Is o a composite number?
True
Let d be 5/(50/(-6)) + 13/5. Let i = 10 + -14. Is 0 - 230/(d + i) a prime number?
False
Let a(u) = -u**2 - 1. Let y be a(0). Let n be 4/(-2) - (y - 4). Suppose 0 = -4*r - 4*x + 636, n*r - 7*r + 636 = 5*x. Is r a prime number?
False
Let z = 73 + -46. Let h = z + 132. Is h a composite number?
True
Let g = -7 - -7. Suppose 2*x + 1291 - 4935 = g. Is x a prime number?
False
Is 1 - (-4 - -1 - 14614) prime?
False
Is -1 + (-3)/(-5) - (-43967)/55 a prime number?
False
Let n(p) = -p**3 - 5*p**2 - 6*p - 10. Let a be n(-5). Let y = a - -353. Is y composite?
False
Suppose 6*r = 4*r + s - 17, 3*s + 70 = -5*r. Let w = r + 14. Is ((-64 - w)*-1)/1 a composite number?
False
Let d(x) = -530*x + 17. Is d(-10) a prime number?
False
Let q(v) = -v**3 - 9*v**2 + 32*v + 39. Is q(-16) prime?
True
Let b be 0/((-1)/2*-2). Let d = 15 + -13. Suppose b = d*v - 0*v - 76. Is v prime?
False
Suppose 0 = 13*y - 14*y + 4*g + 41867, 0 = 9*y - 3*g - 376803. Is y a prime number?
False
Let r = -7 + 29. Suppose j - 1 = i, 7 + r = 3*i + 5*j. Suppose -z - i*z = -8. Is z prime?
True
Let t(m) = -15*m**3 + 9*m**2 - 2*m - 5. Is t(-9) prime?
True
Let i(r) = 2*r**2 + 4*r + 6. Let u be i(-3). Suppose 4*y - u = -0. Is 212 + (y - (-8)/(-2)) composite?
False
Let z(p) = 49*p - 1. Let b be z(1). Let r = b + 184. Let q = r + -105. Is q a composite number?
False
Suppose 0 = 3*t - 3*w - 1410 - 831, w - 2 = 0. Is t a prime number?
False
Suppose 0*w - 2*w = -24. Let f = 5 - w. Is 434/f*2/(-4) a composite number?
False
Let m(f) = -f**3 - 9*f**2 + 2*f + 11. Suppose 0 = 14*k - 61 + 229. Is m(k) a prime number?
True
Let d = 6828 + -4864. Suppose 4*j - d = -0*j. Is j composite?
False
Let p = 11185 + 3166. Is p a prime number?
False
Suppose -17526 = -2*x - 5*q, -x + q = -2*x + 8763. Suppose -8*r + 445 = -x. Is r a prime number?
True
Let d = 402 - -77. Is d a composite number?
False
Suppose 0*x = 4*x. Let k(r) = 3*r - 2*r + x*r - r**3 + r**2 + 0*r**2. Is k(-2) prime?
False
Suppose 4*d - 3736 = -5*c, -2*d + 0*c + c = -1882. Let o = 1916 - d. Is o a composite number?
False
Suppose -40502 = -8*d + 12146. Is d prime?
True
Suppose 5*j + 2*d - 127 = 4*j, -j + 134 = -5*d. Suppose -1219 = -4*n + j. Is n a prime number?
True
Suppose 2*g - 2*a - 11171 - 12901 